(-754 - -1)?
2, 11, 17
Suppose 0 = -26*d + 21*d - 265. Let r = d - -173. List the prime factors of r.
2, 3, 5
Suppose 3*p = -20 + 26. Suppose 18 + p = 5*u. Suppose -4*s = u*l - 7*l - 205, 2*s + 3*l - 125 = 0. List the prime factors of s.
5, 11
Suppose -29*c - 5091 + 31626 = 0. List the prime factors of c.
3, 5, 61
Let j(y) = -262*y**3 - y + 1. Let c be j(1). Let x = 128 + c. Let z = x + 199. List the prime factors of z.
5, 13
Suppose 0 = -2*g - 3*g - 130. Let b = g + 50. What are the prime factors of b?
2, 3
Suppose -2*h - 28 = 2*q, -h + 5*h + 43 = -3*q. Let w(l) = -6*l + 6. What are the prime factors of w(q)?
2, 3, 7
Let x be (-2)/(1/2 - (8 - 7)). Suppose x*a - 5*y = 170, y = 3*a - 2*a - 42. What are the prime factors of a?
2, 5
Let p = -19 + 86. Suppose -205 = -5*v + 295. Let x = v - p. List the prime factors of x.
3, 11
Suppose -5*w + 2*w = -27. Let h(b) = 9*b - 12. What are the prime factors of h(w)?
3, 23
Suppose -15*q + 12936 = -9*q. What are the prime factors of (-6)/12 - q/(-8)?
269
Suppose -2*f + 5*s + 266 = 0, f - 4*s - 25 = 111. What are the prime factors of (f - 4) + (2 - -1)?
127
Let u(t) = t**3 + 7*t**2 + 5*t - 3. Let v = 22 + -28. Let d be u(v). Let h(o) = 3*o**2 - o - 3. List the prime factors of h(d).
3, 7
Let f be 4/2 - (-8)/2. Suppose -f*k - 10 = -k. What are the prime factors of 2/1 + 0/k?
2
Suppose p + 4*q - 348 = 2*q, -4*p = 5*q - 1380. List the prime factors of p.
2, 5, 17
Suppose -4*x - 6*r = -4*r - 46, -x - 3*r = -4. Let i = x + -8. What are the prime factors of (-265)/(-25) + (-3)/i?
2, 5
Let s be (15 - 14)*5/1. Suppose s*f - 902 = -117. List the prime factors of f.
157
Let z = 72 + -67. Suppose w - z*u + 4 = -10*u, 62 = 2*w - 4*u. List the prime factors of w.
3, 7
Let w = -1231 + 5172. List the prime factors of w.
7, 563
What are the prime factors of (-23712)/(-14) + (-9)/((-441)/14)?
2, 7, 11
Let y(c) = -c**2 + 7*c + 12. Let r be y(5). Let d = r + 27. What are the prime factors of d?
7
Suppose -g + 17 = -2*i, -i - 5*g - 21 - 4 = 0. Let d be 346/i + (-8)/20. Let z = 29 - d. List the prime factors of z.
2
Let d(y) = 174*y**3 - y**2 - y + 2. Let g be d(1). Suppose -5*r - 3*c + g + 281 = 0, c = -5. What are the prime factors of r?
2, 47
Suppose 0 = -q + 58 - 21. Suppose 136 + 68 = 34*k. Suppose 451 = k*p + q. What are the prime factors of p?
3, 23
Suppose -442 = -2*g + 2*d, 6*d - 2*d - 226 = -g. Suppose 3*m + 3*c - 203 + 35 = 0, 4*m + 3*c = g. What are the prime factors of m?
2, 3
Let n be 0 - -6 - (13 - 9). List the prime factors of (1/n)/(3/222).
37
Suppose 61 - 62 = x. List the prime factors of 145 - (0 + (x - 0)).
2, 73
What are the prime factors of (-56790)/(-25) - 22/(-55)?
2, 71
Let r = 1141 - 607. What are the prime factors of r?
2, 3, 89
Let l(t) = 5*t + 93. List the prime factors of l(19).
2, 47
Suppose 3*b + 5*q - 655 = -61, 3*q = 2*b - 415. List the prime factors of b.
7, 29
Let w = 89 + -63. Suppose 16 + 24 = -5*x. List the prime factors of (-8)/1*w/x.
2, 13
What are the prime factors of -1*(-8 + 10)*374/(-4)?
11, 17
Let t(q) = 4*q + q**3 - 4 + 2*q**2 + 3 + 4*q**2. Let c be t(-6). What are the prime factors of 4/10 + (-540)/c?
2, 11
Suppose -8*f + 1051 = -869. Suppose -2*t - f = -6*t. List the prime factors of t.
2, 3, 5
Suppose -z - 3*z - 5*u = 271, -142 = 2*z - 4*u. Let o(k) = 14*k**3 + 2*k**2 + k - 1. Let b be o(2). Let c = z + b. What are the prime factors of c?
2, 13
Let b = -17 - -21. Suppose 106 = 4*u - 3*h - 110, b*u + 2*h - 196 = 0. List the prime factors of u.
3, 17
Suppose -20940 = -4*c - 1404. What are the prime factors of c?
2, 3, 11, 37
Suppose 3*m + 4*f - 36 = 0, m - 5*m - 5*f = -47. List the prime factors of 4/m + (-249)/(-6).
2, 3, 7
Let w = -128 - -179. Let s = w - -2. What are the prime factors of s?
53
List the prime factors of -5 + 452 - (3 - 2).
2, 223
Suppose 3*j + 5*a = 7, 0*j = 2*j - 2*a - 10. Let n = 41 - 28. Suppose q - n + j = 0. What are the prime factors of q?
3
Let r(y) = -7*y + 5 + 10*y + y. What are the prime factors of r(8)?
37
Let t be (-8)/(-4 + 0)*(-18)/(-4). Suppose 17*n - 1088 = t*n. What are the prime factors of n?
2, 17
Suppose -30*x - 197 + 7667 = 0. What are the prime factors of x?
3, 83
Let u = -772 + 3421. What are the prime factors of u?
3, 883
Let j(g) = g**3 + 2*g**2 + 14*g - 5. List the prime factors of j(8).
3, 83
Let l(s) = s**3 - 38*s**2 + 86*s - 91. What are the prime factors of l(38)?
3, 353
Suppose -x = 4*x - 15. Let w(r) = -x*r**2 - 7 + r**2 + 0*r**2 + 8*r**2 - 7*r + r**3. What are the prime factors of w(-5)?
53
Suppose 0 = 4*t - t - 6. Suppose t*l - 12 - 6 = 0. Suppose 63 = 3*q + l. List the prime factors of q.
2, 3
Let f(h) = -h**3 - 5*h**2 - 15*h - 12. What are the prime factors of f(-9)?
3, 149
Suppose -4*j + 1 = -83. Suppose -10*t + 561 - j = 0. List the prime factors of t.
2, 3
Let d(i) be the second derivative of i**4/12 - i**3/6 + 2*i**2 + i. Let j = -53 + 59. List the prime factors of d(j).
2, 17
List the prime factors of (-2742)/(-4) + (-17)/(-34).
2, 7
Let q(l) = -2*l**3 - 3*l**2 + 16*l + 45. What are the prime factors of q(-8)?
7, 107
List the prime factors of (88/6 + 0)*195/10.
2, 11, 13
Let h(o) = 71*o. Let l be h(5). Let t = l + -223. List the prime factors of t.
2, 3, 11
Let b(a) = -a**3 - 19*a**2 - 14*a - 30. Let k be b(-18). Let s = k + 232. List the prime factors of s.
2, 5, 13
Suppose b = -0*b + 3*m + 2282, 0 = -4*b + m + 9084. What are the prime factors of b?
2, 5, 227
Let u(j) = -33*j - 7. Let z be u(-2). Suppose 0 = -2*t + 231 + z. List the prime factors of t.
5, 29
Let m(q) = -5*q - 24. Let h be m(-8). Suppose 2*b + 2*b + 208 = 0. List the prime factors of (24/h)/((-3)/b).
2, 13
Let u = -4 - -6. Let k = 2 - u. What are the prime factors of (1 - k)*37 + -3?
2, 17
Suppose -2*f - 12946 = -5*a + 4153, -4*a + 13699 = 5*f. What are the prime factors of a?
11, 311
Suppose 12 = -y + 160. Let d = 255 - y. List the prime factors of d.
107
Suppose -3*s + 0 - 33 = 0. Let u = s + 15. What are the prime factors of 77/(u - (4 - 1))?
7, 11
Suppose 4*y - 6 = -0*u - 2*u, 22 = 4*u + 3*y. Let h(x) = 9*x**2 - x**3 + 2*x**3 - u + 4 - 2*x**2. What are the prime factors of h(-4)?
3, 5
Let i(l) = 17*l + 2. Let t(m) = -m + 2. Let w be t(4). Let p be (w/(-2))/(3 - 2). List the prime factors of i(p).
19
Let v = 1132 - 606. Suppose -2*u + v = 5*k, u + 224 + 85 = 3*k. Suppose -k = -0*y - 4*y. List the prime factors of y.
2, 13
Suppose 5*y = -3*l + 2342, -4*y - 3*l + 1123 = -753. Let s = -196 + y. List the prime factors of s.
2, 3, 5
Suppose 29*t = -14*t + 130806. What are the prime factors of t?
2, 3, 13
Let b = -4 - -5. Suppose b = -3*q + 13. Suppose 2*r - 26 = -2*s, -5*s + 49 = q*r - 17. List the prime factors of s.
2, 7
Suppose 0 = -3*r - 3*j - 400 + 988, -4*r = -5*j - 757. What are the prime factors of r?
193
Suppose -5*l + 5251 = -4*m, -m + 2103 = 5*l - 3*l. What are the prime factors of l?
1051
Let h = 2334 + -1826. List the prime factors of h.
2, 127
Let f = -13 - -19. Let d be 0 + (-3)/(f/10). Let b(m) = m**3 + 7*m**2 + 4*m - 5. List the prime factors of b(d).
5
Let j be 6/(-4 + 7) - -3. Suppose y + j*y = 672. What are the prime factors of y?
2, 7
List the prime factors of (0 - -1)/((0 + 11)/1463).
7, 19
Suppose -5*y + 83 + 17 = 0. Let s(t) = -t**2 - 9*t - 4. Let q be s(0). Let d = y + q. What are the prime factors of d?
2
Let h = -525 - -546. What are the prime factors of h?
3, 7
What are the prime factors of 30*(-52 + 6)*1/(-2)?
2, 3, 5, 23
Suppose -21 = -6*f + 3. Suppose -f*n = -3*n - 2*w - 134, 3*w + 691 = 5*n. List the prime factors of n.
2, 5, 7
Suppose -3 = -2*p + 1. Suppose 5*c - 18 = p*c. What are the prime factors of c/21 - (-61)/7?
3
Let a(m) = 127*m - 9. Let r be a(5). Suppose -r + 220 = -7*y. List the prime factors of y.
2, 29
Suppose 0 = -4*q - 0 - 16. Let a(z) = -4*z - 9*z + 17*z + 2*z**2 + 1. What are the prime factors of a(q)?
17
Let h(v) = -3*v**3 - 10*v**2 + 8*v - 6. Let m(x) = -8*x - x**2 - x**3 + 9*x + 0*x**2. Let l(d) = h(d) - 2*m(d). What are the prime factors of l(-9)?
3, 7
Suppose 6 = 3*h, -5 = -2*p - 3*p - 5*h. List the prime factors of p*3 + (0 - 3 - -74).
2, 17
Let b be -3*(15/9 - 1). List the prime factors of -3 + b/4*-182.
2, 11
Suppose -4*a + 56 = -5*p, 0*p + 70 = 5*a + 2*p. List the prime factors of (a/42)/((-1)/(